6*w. Suppose 0 = -w*v - 9*v + 5018. What is the hundreds digit of v?
3
What is the hundreds digit of (-547620)/(-42) - ((-6)/(-33) - 376/616)?
0
Suppose -4*g = 4*u - 2404, 2179 - 379 = 3*u + 4*g. Suppose -3*k = 3*v - 122 - u, -2*v = -3*k + 701. What is the tens digit of k?
3
Suppose 3*q + q - 4*c - 24 = 0, -5*q - c + 18 = 0. Let g be (-3 + -1 + q)/4. What is the tens digit of 89 - g*1/2?
8
Let v(x) = x**2 - 8*x + 9. Let f be v(5). Let t be 72 + ((-4)/22 - f/33). Suppose -2*y - t = -6*y. What is the tens digit of y?
1
Suppose 12*z + z - 936 = 0. Suppose -7*w + 205 - z = 0. What is the tens digit of w?
1
Suppose 38 = 4*l + 30. Suppose 5*z + 970 = 3*q + 24, 2*z - 620 = -l*q. What is the tens digit of q?
1
Let u(v) be the first derivative of v**3/3 - 5*v**2/2 - 35*v + 1. Suppose -23 = -2*d + 4*n + 3, 2*d - 33 = -3*n. What is the hundreds digit of u(d)?
1
Let l = 1 + -13. Let g(p) be the first derivative of p**3/3 + 5*p**2 - 17*p - 15. What is the units digit of g(l)?
7
What is the tens digit of 2/((-32)/8)*(1 + -1699)?
4
Let q be (27/(-18) - 10/(-4))*162. Let f = -8 + q. What is the units digit of f?
4
Suppose -2*y + 4*b - 8 = -0*y, 2*y = 3*b - 4. Suppose 156 = -y*s + 604. Suppose -2*n = 4*u - s, -8*u = -3*u - 15. What is the tens digit of n?
5
Suppose 2*h + 5*r = 65, h + 23 = 3*r + 83. Let k(v) = -v**3 + 11*v**2 + 11*v + 1. Let c be k(12). Let m = h + c. What is the units digit of m?
4
Suppose -81*j = -66*j - 285. Let v(u) = -2*u**3 + u**2 + 5*u - 5. Let p be v(-5). Suppose -j*i + p = -14*i. What is the units digit of i?
9
Let t = -67 + 67. Suppose s - 130 = 2*z + 354, -3*z - 3 = t. What is the hundreds digit of s?
4
Suppose -4*s = 96 - 56. Let n(r) = 5*r**2 + 35*r - r**2 + r**2 + 2 + 1. What is the units digit of n(s)?
3
Let v(s) be the second derivative of -11*s**5/20 + 2*s**4/3 - 2*s**3/3 - 29*s**2/2 + 2*s + 9. What is the hundreds digit of v(-5)?
5
Suppose 4*r + 19*r = 322. What is the tens digit of (r/(-35))/(8/(-5000))?
5
Suppose 1579 + 1178 = q. What is the tens digit of q?
5
Suppose -28*v + 38 = -74. Suppose 8 = v*h, -3*f + 5*h - 2*h = -2856. What is the units digit of f?
4
Suppose 0 = -12*k + 55 + 41. What is the tens digit of (-7*(k + -1))/(19 + -20)?
4
Let b(q) = 202*q**3 - 2*q**2 + 1. Let g be b(1). Suppose 590*i - g = 589*i. What is the tens digit of i?
0
What is the ten thousands digit of ((-1615)/(-340))/((3/490)/((-114)/(-5)))?
1
Let i = 89 - 72. Suppose 1852 = -13*w + i*w. What is the tens digit of w?
6
Suppose 20*f = 15*f - 3*g + 21375, -g = -5. What is the units digit of f?
2
Let p(q) = q**3 + 10*q**2 - q + 23. Let w be p(-10). Suppose 28*d - 4*z + 5712 = w*d, -5*d - 3*z = -5709. What is the hundreds digit of d?
1
Suppose -37213 = 31*g - 205078. What is the thousands digit of g?
5
What is the hundreds digit of ((-8481)/(-66))/((-5)/(-330)) - (-1 - 0)?
4
Let y(t) = 2*t**2 + 21*t - 20. Let w be 5/20 - (-162)/24. What is the hundreds digit of y(w)?
2
Let w(g) = 5*g - 609. Let k(s) = -s + 2. Let j(u) = -6*k(u) - w(u). What is the hundreds digit of j(0)?
5
Suppose 91*b - 169*b + 82*b - 960 = 0. What is the tens digit of b?
4
Let g = -387 - -390. Suppose -3*j = j. Suppose -5*m - 2*w + 378 = j, -m - 2*m = -g*w - 210. What is the units digit of m?
4
What is the hundreds digit of -7*12/18*(-10134)/12?
9
Let n(t) = 83*t**2 + 1. Let r be n(-2). Let s = -408 - -250. Let d = s + r. What is the tens digit of d?
7
Let x(k) = k**2 - 5*k - 3. Let q be x(7). Suppose -s + q*s = 3210. Let f = s - 115. What is the units digit of f?
6
Let m be ((-30)/(-4))/(-9*(-4)/48). What is the tens digit of (25/m - 2)*1668?
3
Let f = 71 + -32. Let y = f - 35. Suppose -4*v = -y*h - v + 308, 5*h - 385 = -4*v. What is the tens digit of h?
7
Suppose -5*n = 2*u - 6*n - 54249, -3*u + 3*n + 81372 = 0. What is the ten thousands digit of u?
2
Let c(j) = -364*j - 2181. What is the tens digit of c(-23)?
9
Let i = 69 - 60. Let w(s) = -2*s**2 + 11*s - 9. Let h be w(i). What is the tens digit of 0 - -1*(3 + -2) - h?
7
Suppose -2*c = 7*c - 306. Suppose 19*u - 17*u = c. Suppose 5*p - 32 = 2*d, 4*d + u = 5*p - 7. What is the units digit of p?
8
Suppose k + 3*k = 2*q, -k = -2*q. What is the hundreds digit of (k - 1)/(22/(-15400))?
7
Let f be ((-9)/5)/1*20/(-12). Let m be -12*((-368)/(-12))/(-2). Suppose f*v + p - 129 = 6*p, 5*v + 2*p = m. What is the units digit of v?
8
Suppose 4834 + 383349 - 4 = 9*g. What is the units digit of g?
1
Let a = 440 + -949. Let s = 430 - a. What is the tens digit of s?
3
Let c(v) = 144*v + 88. Let h be c(14). Suppose -6*x = -2*x - 4*g - h, -4*x + g = -2119. What is the tens digit of x?
3
Suppose 0 = -5*g - 1753 + 11493. Let i = -1376 + g. What is the units digit of i?
2
Let j = 1315 - 802. Let g(c) = -43*c**2 - 50*c - 119. Let s be g(-3). Let m = j + s. What is the tens digit of m?
5
Let f(a) = 3*a**3 - 65*a**2 + 91*a - 47. What is the units digit of f(35)?
8
Let l(v) = -86*v - 270. Let n(b) = -43*b - 137. Let i(a) = 3*l(a) - 7*n(a). What is the hundreds digit of i(13)?
7
Let q(k) = 72*k**3 - 6*k**2 + 66*k - 275. What is the units digit of q(5)?
5
What is the tens digit of (1/(10/10198))/(1/35*7)?
9
Let t be -1 + (3 + 168 - -3). Let b = -65 + t. Suppose -5*x + 79 = 4*o, o + 32 = -5*x + b. What is the tens digit of x?
1
Let x = -36541 + 78256. What is the hundreds digit of x?
7
Let x = 4008 + -1918. What is the units digit of x?
0
Suppose 462969 = 6*a - 3*x, -2*a + x + 231481 = a. What is the units digit of a?
8
Let b be (-17889)/445*(-1 - 14). Let r = 620 - b. What is the tens digit of r?
1
Let r(s) = 7*s**3 - 2*s**2 - 3*s - 1. Let f be r(-1). Let y(u) = -59*u. Let w(c) = 118*c. Let o(l) = f*y(l) - 4*w(l). What is the tens digit of o(-1)?
5
What is the tens digit of 12722*(-6)/8*(-30)/(-150)*-30?
4
What is the ten thousands digit of (24/9 - 3) + 17 + (-2322914)/(-51)?
4
Let t be (803/77 + -11)*-196. Suppose -3*m + 65 = -0*s - s, -64 = s - 2*m. Let f = t - s. What is the tens digit of f?
7
Let c(i) = i**3 - 7*i**2 - 18. Let t be c(9). Let v = t - -1236. What is the units digit of v?
0
Suppose -3*c + 4 = -3*s - 8, 3*c + 4*s = 40. Let t be 1530/c - (-12)/16. Suppose 0 = -10*z + 188 + t. What is the tens digit of z?
3
Let q(i) = -172*i**3 - 13*i**2 + 2*i + 23. What is the ten thousands digit of q(-5)?
2
Let p = 277 + -262. Suppose 0 = p*s - 3812 - 358. What is the units digit of s?
8
Let t(a) = a**3 - 24*a**2 - 20*a + 6. Let u be t(25). Suppose u*q + 2142 = 138*q. What is the hundreds digit of q?
3
Suppose 0 = -50*c + 44*c - 28527 + 106455. What is the hundreds digit of c?
9
Suppose -9*p + 108223 = -6915 - 5138. What is the thousands digit of p?
3
Let b(w) = w + 7. Let x(o) = -o - 5. Let g = -10 + 13. Let n(z) = g*x(z) + 4*b(z). What is the units digit of n(5)?
8
Suppose 778 = 12*v - 12410. Suppose -15*s + v = -12356. What is the tens digit of s?
9
What is the thousands digit of 12106 + 11 + (-16 - -3)?
2
What is the tens digit of -7 + (331/3)/(12019/924 + -13)?
5
Suppose 5*h + 6309 = -0*u + 3*u, 0 = -5*u - 3*h + 10447. What is the thousands digit of u?
2
Suppose 157 = -5*t + 827. Suppose 20*x + 18*x - 37*x = 27. Let a = t + x. What is the hundreds digit of a?
1
Suppose -8*n = -19184 + 3176. Suppose -687 + n = 2*q. Suppose 10*p = p + q. What is the units digit of p?
3
Let w(p) = -p**2 + 12*p - 20. Let h be w(5). Let d = 568 - h. What is the units digit of d?
3
What is the thousands digit of 9576 + (-2)/(16/72) - -3?
9
Let o = -4 - -4. Let n(t) = 71 + t**2 - 192*t + 18 + 190*t. What is the units digit of n(o)?
9
Suppose -29*v + 98 - 11 = 0. Suppose -3*y + 3*k + 65 = -1477, v*k - 518 = -y. What is the tens digit of y?
1
Let f be ((-60)/18)/(-2*5/90). Suppose f*p - 24*p = 5724. What is the units digit of p?
4
Let a(j) = 268*j**2 + 10*j + 62. Let y be a(-4). Suppose -7*k + 716 = -y. What is the tens digit of k?
1
Suppose 3*q + f + 51 = 0, -10*q + 9*q - f - 19 = 0. What is the units digit of (-14 - q)/((-2)/(-56))?
6
What is the hundreds digit of (-6)/10 + (-5 + -4729)*(-19)/10?
9
Let b = 5538 - -4705. What is the units digit of b?
3
Let a be -1 + (0 - -3) + 135. Suppose -3*w + 5*r + 545 = w, -w = -2*r - a. What is the tens digit of w?
3
Let n(m) = 72*m**2 + 20*m + 32. Let p be n(12). Suppose 0 = 573*c - 566*c - p. What is the tens digit of c?
2
Suppose